s of ((-5)/(-15))/(3/225).
5
Let w(j) = j**3 - j**2 + j + 1. Let h be (0 + -1)*-1 - -2. Suppose 3*y - 4*m = 10, 8*m - h*m = -5. What are the prime factors of w(y)?
7
Suppose -11*c + 13*c - 114 = 0. List the prime factors of c.
3, 19
Let v = -28 + 48. List the prime factors of v.
2, 5
Let f(z) = z**3 - z**2 - 2*z - 4. Let h be f(3). Suppose 0 = o - 4*j, 7*j = 5*o + 2*j. Suppose o - 2 = -x - 2*a, 3*x + 5*a = h. List the prime factors of x.
2, 3
Suppose -2*z - 4*x + 10 = 4, 2*z = 2*x + 6. Suppose r - 7 = z. Suppose r*b - 5*b = 45. What are the prime factors of b?
3
Suppose -6*x - 4*o = -x - 180, 4*x - 4*o = 180. List the prime factors of x.
2, 5
Suppose -3*i + 184 = t, -4*t + 491 = -i - 232. What are the prime factors of t?
181
Let i = 9 + -5. Suppose 5*h - 12 = -i*y + 17, 3*y - 13 = 5*h. List the prime factors of 14*(-3)/y*-1.
7
List the prime factors of (0 - (-2)/(-2))*-11.
11
Let w(k) = -3*k**2 + 1. Let x be w(1). What are the prime factors of (x/2)/(8/(-392))?
7
List the prime factors of 467/5 - -2*(-2)/10.
3, 31
Let x(a) = -2*a + 17. Let d(i) = i - 6. Let w(f) = f**3 - 3*f**2 - 4*f + 4. Let p be w(3). Let t(h) = p*d(h) - 3*x(h). List the prime factors of t(-10).
17
Suppose 7*x = -x + 472. What are the prime factors of x?
59
List the prime factors of -2 + 0 - 160/(-4).
2, 19
Let t(y) = -7*y**3 - 7*y**2 + 14*y. Let c(w) = 8*w**3 + 7*w**2 - 15*w + 1. Let s(q) = 6*c(q) + 7*t(q). List the prime factors of s(-8).
2, 3
Suppose -4*o - 22 = r, 3*o = r + 4 + 4. What are the prime factors of 4/r + 3120/91?
2, 17
Let k(o) = 2*o + 13. Let j be k(12). Let u = j + -20. What are the prime factors of u?
17
Suppose 0 = -4*g + 57 + 27. List the prime factors of 120/9 + (-28)/g.
2, 3
Suppose 4*v - 18 = 150. Let i = v + -22. List the prime factors of i.
2, 5
What are the prime factors of (2/14 - (-58140)/(-84))/(-2)?
2, 173
Let m(z) = 49*z**3 - 8*z - 4. Let j(y) = 1 + y**3 - 13*y**3 - y + 3*y. Let l(w) = 9*j(w) + 2*m(w). List the prime factors of l(-1).
3
Suppose 0 = 4*w + w + 10. Let s(r) = -r**3 + r - 1. List the prime factors of s(w).
5
Let c(f) = -4*f**2 + 10*f - 2. Let x(i) = 9*i**2 - 21*i + 3. Let d(b) = 7*c(b) + 3*x(b). Let j be d(6). List the prime factors of 0/4 + 8*j.
2
Let i = 6 + -4. Let g(r) = 1 - 2 - 1 + i*r + 5. What are the prime factors of g(5)?
13
Suppose 4*a - 5*z = 103, 4*a + 3*z - 94 = 5*z. What are the prime factors of a?
2, 11
Let s(y) be the second derivative of -y**5/20 - y**4/2 - 7*y**3/6 + y**2 - 3*y. What are the prime factors of s(-5)?
2, 3
Let u(t) = -2*t**2 + 3*t - 1. Let q be u(3). What are the prime factors of 1 + 3 - 1 - q?
13
Let l(v) = 23*v**2 + 3*v - 13. List the prime factors of l(3).
7, 29
Let c = -15 - 14. Let p = c + 17. Let a = 21 + p. What are the prime factors of a?
3
Suppose -7*x + 163 = -61. What are the prime factors of x?
2
Let f(h) = -4*h**2 + 2*h**3 - 2 - 2*h + 3*h + 0 + 3*h. Let o be f(2). List the prime factors of 14 - 2 - 6/o.
11
Let o(l) = -12*l**3 - 2*l**2 - 3*l - 3. List the prime factors of o(-2).
7, 13
Suppose -4*k + j - 1 = 0, -3*k + 2*j + 3 = -0. List the prime factors of 25 + -2 + 1/k.
2, 11
Suppose 7*r - 2400 = r. What are the prime factors of r?
2, 5
Suppose s = 2, 2*l - 3*s = l. Suppose -m = 13 + l. Let y = m + 37. List the prime factors of y.
2, 3
Suppose 3*b = 2 + 4. Suppose b = -2*t - 2. What are the prime factors of t/((-9)/(-12) - 1)?
2
Suppose 7*v - 202 = 5*v. What are the prime factors of v?
101
Let m be 2 - (-7)/((-7)/6). Let i be (9/(-4))/(1/m). Suppose -2*j + 5*f + i = 0, j - 4*f + 0 = 3. What are the prime factors of j?
7
List the prime factors of (-15)/(-35) + (-232)/(-14).
17
Suppose -a - 47 = 56. Let w = -74 - a. What are the prime factors of w?
29
Let l = 141 + -36. List the prime factors of l.
3, 5, 7
Suppose 0 = -5*k - 3*v - 5 + 15, -4*k - v = -8. Suppose c - k*u - 1 = -2, -u + 4 = 0. What are the prime factors of c?
7
Suppose 3*w - 4 = 2*w. Suppose -m - 30 = -w*m. What are the prime factors of m?
2, 5
Suppose 6*k + 67 = 2*k + 3*f, 2*k = -4*f - 28. Let a be ((-18)/(-8))/(4/k). List the prime factors of 12/(-10)*60/a.
2
Suppose 2*x - 24 = -0*x. Suppose -2*p + x = p. Suppose 3*c + 6 = j, 0 = j - c - p - 2. List the prime factors of j.
2, 3
Let r be (3/4)/(5/120). Suppose 0*k - r = -k. List the prime factors of k.
2, 3
Suppose -4 = 3*u - 7*o + 2*o, 3*o = 3*u. Suppose -u*x = w - 4*w - 31, -2*w + 2 = 0. List the prime factors of x.
17
Suppose 4*t + 0*v - 426 = 2*v, 3*v = -2*t + 193. What are the prime factors of t?
2, 13
Suppose 9*l = 4*l. Suppose 3*a + 3 = l, 5*u - 104 = -a - 0*a. List the prime factors of u.
3, 7
Suppose 0 = 5*p - 8*p + 48. Suppose 0*q - 30 = 5*q. Let r = q + p. What are the prime factors of r?
2, 5
Let z = 4 - 9. Suppose -3*m = -2*c - 12, c - 18 = -3*m + 5*c. What are the prime factors of (6/z)/m*-5?
3
Suppose 0*p = -p + 2. Suppose p*z - 3 = 9. Suppose -a = -o - 4*a + 17, a + z = 2*o. What are the prime factors of o?
5
Let x be 1/5 - (-72)/15. Suppose -5*j = -x, 2*q + 0*q = -j + 29. What are the prime factors of q?
2, 7
List the prime factors of 538/4 + (-14)/(-28).
3, 5
Suppose -f - 8 = f. Let q be ((-3)/15*4)/((-2)/50). Let l = f + q. List the prime factors of l.
2
Let v(l) = 6*l - 1. Let y be v(2). Suppose y = 3*g - 10. List the prime factors of g.
7
Let m = -15 - -45. List the prime factors of m.
2, 3, 5
Suppose -3*w = -5*h - 865, -2*w - 5*h + 1095 = 2*w. What are the prime factors of w?
2, 5, 7
Let h be 1*-2 - (28 + -3). Let c be (-3)/(h/(-8) + -3). List the prime factors of (-30)/(-8) + (-2)/c.
2
Let x(v) = v**3 - 8*v**2 + 8*v - 10. Let k be x(7). List the prime factors of 7 - 2/(k - -1).
2
Suppose -x - 10 - 5 = 5*n, -3*n = -2*x + 35. What are the prime factors of x?
2, 5
Suppose 0 = 5*o - 10*o + 150. List the prime factors of (-10)/4*(-36)/o.
3
Suppose 2 = x, -2*y + 4*x + 1 = y. Let d(q) be the third derivative of q**5/30 - q**4/6 + q**3/2 + q**2. List the prime factors of d(y).
3
Let p(d) = -d**3 + 5*d**2 + 2*d - 6. Let k be p(5). Let j be (-6)/k*(-6)/9. Let x = j - -11. What are the prime factors of x?
2, 3
Let r(i) = i**3 - 10*i**2 + 3*i + 2. What are the prime factors of r(10)?
2
Let k(n) = n. Let y be k(0). Suppose -3*t + t + 66 = y. What are the prime factors of t?
3, 11
Let w = -2 + 6. Suppose 0 = 2*y - w - 2. Suppose -4*c = c + 2*n - 50, 3*c - 39 = -y*n. List the prime factors of c.
2
Suppose 2*l = 3*o - 3*l - 102, -4*o + 136 = 4*l. Suppose -3*t + 0*t = -f + o, -5*f = 3*t - 206. What are the prime factors of f?
2, 5
Suppose s - 3*q + 4 = 6*s, q + 6 = 2*s. Suppose 0 = -5*h - 5*r + 35, 2*h = -3*h + 2*r. What are the prime factors of 6*3 + s/h?
19
Suppose 0*c = -c + 5, -5*c = -3*l - 1. Let w = -3 + l. Suppose w*r - 55 = -2*q, 4*q - 13 + 2 = r. What are the prime factors of r?
3
Let a be ((-3)/4)/((-1)/4). Suppose 0 = -a*v + 3, -4*v + 5 = -5*t - 9. Let b(g) = 2*g**2 + 2*g + 3. List the prime factors of b(t).
7
Let y = 9 - -21. What are the prime factors of y?
2, 3, 5
Suppose 3*r - 162 = 15. What are the prime factors of r?
59
Let n = -323 - -585. List the prime factors of n.
2, 131
Suppose 0 = 2*v - 84 + 12. What are the prime factors of v?
2, 3
Let h be 1*-1*(-1 + -44). Suppose -x - 2*a = -12, 5*x = 2*x - 3*a + h. Let u = x + -4. What are the prime factors of u?
2, 7
Let w(c) = 10*c + 1. Let a be w(-1). Let n be ((-1)/(-3))/((-1)/a). Let f = 6 - n. What are the prime factors of f?
3
Let a = -176 - -287. List the prime factors of a.
3, 37
Suppose 2*d + 0 = -2*y + 16, 0 = -3*y + 3*d + 30. What are the prime factors of (12/y)/(2/12)?
2
Suppose -n + k + 2 - 1 = 0, 0 = 4*n - 5*k - 2. Suppose b = l - 4*b - 9, 0 = -n*l + b + 13. List the prime factors of l.
2
Let i = 27 - -33. List the prime factors of i.
2, 3, 5
List the prime factors of (-592)/(-9) - (-16)/72.
2, 3, 11
Let k = -9 - -12. Suppose -9 = -k*o - 0. What are the prime factors of o?
3
Suppose -s = 4*s. Suppose s*w - 17 = -w. What are the prime factors of w?
17
Let i = 69 + -41. Suppose 0 = -0*s - 2*s - i. What are the prime factors of (2/3)/(s/(-189))?
3
Suppose -2*j - 2*j - 192 = 0. Let p be ((-1)/3)/(4/j). Suppose s + y = 11, -p*y = -5*s - 0*y + 10. List the prime factors of s.
2, 3
Suppose -108 = -5*b + 212. Suppose b = 2*n + 2*n. What are the prime factors of n?
2
Let z = 488 - 311. What are t